hat is the remainder when 144 is divided by v?
33
Let y be (-88)/(-6) - (-2)/6. Suppose 4*u = -2*w + y - 97, -u - 88 = 2*w. What is the remainder when 19 is divided by 5/15*w/(-3)?
4
Let f be (44/(-8))/((-1)/2). Suppose -f = c - 27. What is the remainder when (61 - 1)/(-1 - -2) is divided by c?
12
Suppose -198*v + 5067 = -189*v. Calculate the remainder when v is divided by 184.
11
Suppose -9*d + 41 + 40 = 0. What is the remainder when 12 is divided by d?
3
Let j = 1843 - 1716. Calculate the remainder when j is divided by 452/14 + 2/(-7).
31
Let i(a) = a + 17. Let u be i(27). Let d be 2/7 + (-12)/(-7). Suppose 2*v + d*v = u. What is the remainder when v is divided by 7?
4
Suppose 6*f - 865 = 701. Suppose 3*w - 3*p - f = 0, 2*w = -3*w - 4*p + 435. What is the remainder when w is divided by 31?
25
Let v be 0/(0/1 + 1). Suppose 2*c + 6 - 32 = v. Suppose -200 = -4*f + 2*k, 0 = 2*f + 3*k - 7*k - 106. What is the remainder when f is divided by c?
10
What is the remainder when 517 is divided by (-6)/(-1 + -1)*(-85)/(-51)?
2
Let q = -42 - -51. Suppose -38 = -3*d + f + q, -d - 5*f = 11. What is the remainder when 123 is divided by d?
11
Let a = -329 - -342. Let c = -1 - -7. Suppose c*w - 185 = w. Calculate the remainder when w is divided by a.
11
Let l = -871 + 1020. Calculate the remainder when l is divided by 17.
13
Let g(a) = a + 3. Let t be -3*1*(10 + -11). Suppose 4 = -t*w + 7. Calculate the remainder when 6 is divided by g(w).
2
Suppose 408 = 14*y + 10*y. What is the remainder when 60 is divided by y?
9
Let w(o) be the third derivative of -o**5/60 + o**4/3 + o**3 + 7*o**2. Let t = 7 - -4. What is the remainder when t is divided by w(8)?
5
Let f(m) = -8*m + 1. Let b = -58 + 86. Let q = b - 31. What is the remainder when 48 is divided by f(q)?
23
Suppose 8*l = 125 - 5. What is the remainder when 161 is divided by l?
11
Let v(s) = 2*s**2 - 28*s + 94. What is the remainder when 308 is divided by v(12)?
32
Suppose d + 2 - 51 = 0. Suppose d = 2*y - 9. Let b = -4318 - -4375. Calculate the remainder when b is divided by y.
28
Let k = 86 - -19. What is the remainder when k is divided by 36?
33
What is the remainder when 143 is divided by ((-9)/4)/(978/(-192) - -5)?
23
Let k = -125 + 131. Suppose m + 8 = -4*v + k*m, 3*v = 5*m - 11. Suppose 26 = 4*l - 6. Calculate the remainder when l is divided by v.
2
Let k be ((-50)/15 + 2)/((-2)/(-105)). Calculate the remainder when (-6620)/k + (-6)/(-14) is divided by 16.
15
Suppose -5*q + 12*u - 13*u = -190, -25 = -5*u. Calculate the remainder when 87 is divided by q.
13
Let z = -48 - -110. Calculate the remainder when z is divided by -5 + 84/(-8)*(-84)/49.
10
Let p(g) = 8*g. Suppose -4*z + 9 = -19. Let j be p(z). Suppose 4*w - j = c - 19, 3*c - 25 = -5*w. What is the remainder when 22 is divided by w?
6
What is the remainder when (-210)/126 + 3840/9 is divided by 48?
41
Let v be (-1 + 4)*(-14)/42. Calculate the remainder when (12/(-6) - v)*-45 is divided by 12.
9
Suppose -2*u = -u + 4, -5*k - u + 136 = 0. Suppose k + 12 = 4*m. Calculate the remainder when (1/((-2)/(-37)))/((-43)/(-86)) is divided by m.
7
Suppose -3*u - 2*c = 135, -4*u + 2*c - 147 = -u. Let d be (-104)/5 - (-4)/(-20). Let v = d - u. Calculate the remainder when v is divided by 9.
8
Calculate the remainder when 2/(-7) - (-41875)/175 is divided by 12.
11
Let m(b) = -b**3 - 32*b**2 - 6*b - 5. Calculate the remainder when m(-32) is divided by 10.
7
Let p = 17 + -5. Let x(d) = 13*d + 15 - 14*d + p. Calculate the remainder when 105 is divided by x(0).
24
Let l = -1062 + 1285. Calculate the remainder when l is divided by 48.
31
Suppose -2*b = -5*b + 30. Suppose 2*q = -b + 48. What is the remainder when 112 is divided by q?
17
Let b = 3 - 1. Suppose 5*h - 82 = 33. Suppose 0 = -19*v + h*v - 8. What is the remainder when v is divided by b?
0
Suppose -9*f = -5*r - 8*f + 495, 0 = -r + 5*f + 123. What is the remainder when 290 is divided by r?
94
Let v = 7 - -62. Calculate the remainder when v is divided by 15 + 6*2/(-4).
9
Let h = 9 + -13. Let o be (-333)/12 - (-9)/12. Calculate the remainder when 10 is divided by o/(-6) + (-6)/h.
4
Suppose -44*r + 71 = -43*r. Let v = 145 - r. Calculate the remainder when v is divided by 25.
24
Calculate the remainder when 213 is divided by 1/6 + (-16133)/(-438).
28
Suppose -3*m - 16 = 5. Let w(z) = z**3 + 7*z**2 + 5. Let q be w(m). Let d(u) = -u**2 + 8*u. Calculate the remainder when d(q) is divided by 9.
6
Let k = 18 + -7. Let v(q) = 4*q**2 + 5*q. Calculate the remainder when v(-3) is divided by k.
10
Let m be (0 - (-22 + 3))/1. Let g be m*2/((-2)/(-1)). Let j = g + 0. What is the remainder when 36 is divided by j?
17
Suppose 4*u - x = x + 72, -4*u = -5*x - 84. Let q(r) = r**3 + 16*r**2 - 40*r + 21. Calculate the remainder when q(-18) is divided by u.
13
Let d(t) = t**3 - 4*t**2 - 6*t + 5. Let i be d(5). Suppose i*n - 63 = -3*n. What is the remainder when 58 is divided by n?
16
Let p(m) be the third derivative of -m**4/6 - m**3/3 + 11*m**2. Calculate the remainder when 297 is divided by p(-8).
27
Let p(b) = 76*b + 768. Let m(q) = -16*q - 3. Calculate the remainder when m(-2) is divided by p(-10).
5
What is the remainder when -3 - (-8)/(64/504) is divided by 21?
18
Let g = 38 + -32. What is the remainder when 35 is divided by g/21 + (-40)/(-7)?
5
Suppose 9*k - 6*k = 0. Suppose k*z - 5*z = 10, 2*z = -f. Suppose -f*u = d - 138, -5*d + 8*u + 713 = 5*u. What is the remainder when d is divided by 36?
34
Suppose 5*v - 174 = 2*v + 4*o, -3*v + 171 = -5*o. Let d = 2301 + -2279. What is the remainder when v is divided by d?
18
Let r(m) = -39*m - 142. What is the remainder when r(-6) is divided by 20?
12
Suppose 4*f - 47*a + 52*a - 219 = 0, -2*f + 2*a + 96 = 0. Calculate the remainder when 290 is divided by f.
35
Suppose -3*v - 4*l = -0*l - 4, -3*v = 3*l - 6. Calculate the remainder when (-6)/v - (-418)/44 is divided by 6.
2
Suppose -18*c - 10 = -20*c. Suppose 3*n - c*d = -n + 97, -2*d + 44 = 2*n. Calculate the remainder when 37 is divided by n.
14
Suppose -3*p - 26 = 5*j, -18 = 2*j - 5*p + 11. Let s be ((-24)/20)/(2/(-20)). Let x = s - j. Calculate the remainder when x is divided by 11.
8
Suppose 2*s + 19 = z, -5*s + 83 = z + z. Let p(q) = 4*q + 26. Calculate the remainder when z is divided by p(-5).
5
Let l(j) = -3*j. Let g = 72 + -28. Let z = g - 22. Calculate the remainder when z is divided by l(-2).
4
Let s(i) = 13*i + 15 - 13*i**2 - 17*i**2 - i**3 + 19*i**2. What is the remainder when 8 is divided by s(-12)?
2
Let u be ((-2)/(-4))/(2/8). Let v = -5 - -8. Suppose -u*f = v*f - 85. What is the remainder when f is divided by 6?
5
Suppose -3*n + 5*k + 170 = 0, 0 = 2*n + k - 89 - 7. What is the remainder when 249 is divided by n?
49
Let u(x) = 2*x + 12. Let t be u(-4). Let h = -2 + t. Calculate the remainder when (1 + 0)/(2/12) is divided by h.
0
Let c = 664 - 655. Suppose -3*a + 17 + 9 = x, a + 2 = 0. What is the remainder when x is divided by c?
5
Let t(m) = m**2 + 32*m + 50. Calculate the remainder when 148 is divided by t(0).
48
Suppose 2*a - 14 = -3*h, 0 = 5*h + 5*a - 11 - 19. What is the remainder when 21 is divided by (h/4)/(2/8) + 10?
9
Let n = 118 - 83. Suppose 2*o = -o + 9. Suppose -q - 4*q = -h - n, -q + o*h = -7. Calculate the remainder when 11 is divided by q.
4
Let g = -215 - -538. What is the remainder when g is divided by 27?
26
Let y = -8 - -10. What is the remainder when (1/(-1))/(y/(-94)) is divided by 2*(6/1 - -2)?
15
Let x(m) = m**3 + 7*m**2 - 9*m - 6. Let n be x(-7). Let j = 9 + n. Suppose -z - j = -3*z. Calculate the remainder when 131 is divided by z.
32
Let z = 13 - 12. Let o(c) = -5 - 3 + 4*c + z. Calculate the remainder when 49 is divided by o(5).
10
Suppose -12 = -5*h + h + 2*t, 7 = -h + 3*t. Let x = -12359 - -12361. Calculate the remainder when h is divided by x.
1
Let o = -364 - -379. Calculate the remainder when 40 is divided by o.
10
Let c be (-1)/(2/(-144 - 2)). Suppose 4*l = 63 + c. Suppose 4*b = 3*s - 31, 0 = -3*b - 1 - 2. What is the remainder when l is divided by s?
7
Suppose 0 = 17*h + 16*h - 3894. Calculate the remainder when h is divided by 33.
19
Let t = 32 + -28. Suppose -4*a = -2*f + 80, -t*a + 86 = 2*f - 2*a. Calculate the remainder when f is divided by 15.
12
Let l(d) = d**2 - 6*d + 21. Let 